e of -15 + -7 + 3 + 17 - -19?
17
What is the value of -10 + (9 - 9) + 5 + -12?
-17
Evaluate (4 - 18) + 2 - -18.
6
What is (-4 + 7 - -6) + (8 - 3) + -5?
9
Calculate 8 - (-1 + 2) - (36 - (31 + -9)).
-7
What is the value of -10 + (-7 - -8) + (11 - 24) + 1?
-21
What is the value of -17 + -5 + 8 + 7 + -1 + -4?
-12
What is the value of 9 + -1 + -3 - 13 - 9?
-17
What is the value of 2 + (11 - (-1 - -4)) + 12 + 0?
22
What is (10 - 10 - ((-10 - -8) + 25)) + 5?
-18
What is -4 + -2 + -2 - (-747 - -743)?
-4
Calculate -2 + (10 - (4 + (36 - -8) - 8)).
-32
Calculate -8 + -2 + (0 - (2 - -1)) - -1.
-12
9 - 26 - ((-6 - 0) + (-52 - -57))
-16
Evaluate 6 - (-17 - -19 - 6).
10
What is 12 - (-1 - 7 - (2 - 9))?
13
What is -12 - (26 - (14 + -2)) - -1?
-25
What is the value of (-1 + 5 - (118 - 106)) + -11 + 1?
-18
1 + (-1 - (8 - 10)) + -2
0
What is the value of (-5 - (-5 + 2)) + (6 - (6 - 2))?
0
Evaluate -6 + (-3 - (6 + -6 + (10 - 10))).
-9
Evaluate (-7 - (-25 - -6)) + -13.
-1
What is the value of -3 - (1 + 9 - (8 + 0 - 18))?
-23
Evaluate 30 - (-7 + 6 + 8) - 15.
8
5 + 1 - (33 - 39) - 8
4
(-95 - -106) + (-1 - -7) - (7 + 1)
9
-1 - (-2 - (17 + -9) - (-3 + -1))
5
What is the value of (25 - 21) + (-9 - (9 + (-9 - -5)))?
-10
What is the value of 0 - 24 - (-157 - -127)?
6
Calculate 6 - ((2 - 9) + 9) - -11.
15
Evaluate (19 - -8) + -34 - -25.
18
(-15 + 7 - 12) + 10 + 9
-1
Calculate -12 + (14 - -1) - -11 - 12.
2
Evaluate -20 + 4 + 8 + 44.
36
Calculate 9 + (-1 - (14 - 2)) + -12.
-16
Calculate (-12 - (-2 + -7)) + 14.
11
Evaluate -17 + 66 - 13 - 21.
15
What is 25 - ((-21 - -27) + 42)?
-23
What is the value of -10 - 6 - (8 + (2 - 19)) - -9?
2
Calculate (6 - (-8 - -21 - 7)) + -24.
-24
Evaluate -2 + (-9 - -6) + -6.
-11
Calculate 0 + 2 + (-3 - 21) + 13.
-9
-7 - (-12 + 3 + 10) - (9 - 4)
-13
Evaluate 15 - ((4 - 4) + 4).
11
Evaluate -4 + (4 + -13 - 4) + (-279 - -268).
-28
What is 4 + (-6 + 13 - 0) + 3?
14
-19 + (8 - -17) + 23
29
Calculate 5 - -9 - 23 - (-17 + -4).
12
Calculate -44 + (12 - -24) + (-11 - 1).
-20
Calculate 16 + (18 - 10) + -9.
15
What is -7 - (-15 + -25 + 4)?
29
Calculate 6 - (7 - (1 - -10)) - -3.
13
What is 5 + 0 + 1 + (20 - 80) + 52?
-2
6 + (1 - 48) - (-1 - -1 - 11)
-30
What is (-18 - -4) + -6 - (-6 + (-1 - -2))?
-15
What is the value of 23 + -1 - (-621 + 624)?
19
Evaluate (-1 - 4) + (-9 - (-8 - (-3 + 11))).
2
What is the value of 13 - -18 - (-33 + 49)?
15
What is (-5 - -12) + (-33 - -37)?
11
Calculate 39 - (-16 - (-20 + -7)) - -1.
29
What is the value of 6 + -10 - (7 - (-1 + 1 + -1))?
-12
Evaluate 2 + 17 + (13 - (-22 + 32)).
22
What is (-4 - -1) + 2 + -27 - (-190 - -180)?
-18
(5 - 14) + 1 - (-2 + 1 + -4)
-3
What is the value of (15 - 5 - 30) + (21 - 9)?
-8
Evaluate (8 - (2 - 0)) + (-14 - (-16 + 0)).
8
What is 3 + (-1 - -8) - (-11 + 13)?
8
-46 + 19 - 9 - -56
20
-4 - (-22 - -32) - (-4 - -11)
-21
What is the value of 26 - (0 + -1 - -5)?
22
What is -65 - (-28 + (-14 - -3))?
-26
What is 181 + -186 + 2 + 3?
0
Calculate -2 + 17 + -15 + (-9 - -1).
-8
-2 + 4 - 5 - (11 - (6 + -1))
-9
-3 - (19 - (11 - 11 - -2))
-20
-2 + -17 + (-26 - -34)
-11
What is the value of -6 - (13 - 33) - -6?
20
What is 6 + 2 + (4 - (2 - -9)) + 7?
8
What is the value of -4 - ((-9 - (-3 - 3)) + 6)?
-7
Evaluate 8 - (2 + 0) - (20 + (9 - 31)).
8
(26 - 29) + -5 + 6
-2
What is the value of (2 - 14) + 11 + 1 + 5?
5
What is 131 + -124 + (0 + -3 - (12 - 24))?
16
Calculate 0 + (-3 - (-1 + 2 + -6 - -8)).
-6
What is the value of -8 - (-1 + -15 + 8) - -9?
9
What is (-11 - -32 - 10 - 14) + (2 - 1)?
-2
What is -5 + -3 - (-11 + 14)?
-11
Evaluate 1 - -8 - (-3 + -1 + 1).
12
What is (2 - -4) + (-7 + -1 - -7) - 16?
-11
Evaluate 12 - (10 - (17 + -16)).
3
Calculate -330 + 339 - (4 + -1 + 12).
-6
What is the value of 1 + 8 - (-27 + (11 - -5))?
20
Evaluate -3 + (1 + 7 - (95 - 91)).
1
Calculate (5 - 3 - 35) + 7 - (8 - 12).
-22
Calculate -8 + 1 + (60 - 55) - -10.
8
What is the value of -8 + 1 + 8 + (-23 - (-40 - -11))?
7
What is 0 + -9 + 29 + -21?
-1
What is 7 - (-14 + 17 + -3 + 7) - -3?
3
What is 3 - 14 - -6 - -13?
8
What is the value of -19 + 8 - (4 + -6 + 2)?
-11
Evaluate -50 + -29 + 38 + 39.
-2
(-1 + -7 + (0 - -5) - 15) + 5
-13
-1 - -35 - (-1968 - -1990)
12
Calculate -10 - 1 - (2 + -2) - (-360 + 340).
9
Evaluate (4 - 1 - (26 - 3)) + (10 - 4).
-14
What is (-8 - 10 - -24) + (-14 - -5)?
-3
Evaluate (31 - -9) + -22 - 24.
-6
What is 16 + 21 + 0 - 33?
4
Calculate (-7 - (-1 - 6 - 2)) + -1 - 15.
-14
Calculate -1 + -1 + ((-18 - -10) + 19 - 13).
-4
Evaluate (11 - (10 + -4 - 14)) + 0.
19
What is -21 - (-14 + 7) - -25?
11
Calculate -11 - 0 - (-69 + 95 + -33).
-4
Evaluate -6 + (2 - -12) + (-127 - -122).
3
((0 - 5) + -4 - 0) + (16 - -12)
19
What is 17 + -8 + 27 + -43 - 6?
-13
What is -38 - (-49 + 21) - (-9 + 1)?
-2
Calculate -1 + 10 - (-2 - (-18 - -15)).
8
What is the value of 440 + -401 - (0 + 31)?
8
1 + -1 + 4 + 3 - (-4 - -2)
9
What is 11 + 1 + -1 - (292 + -164 + -155)?
38
Evaluate (-22 - -11) + 8 + (4 - -4) - 6.
-1
2 - (-3 + 7 + (-4 - -5))
-3
Calculate -25 + 18 + 12 + -3 + 5.
7
What is the value of 37 - 3 - (-29 + 57)?
6
-7 + (-49 - -17) + 28
-11
-4 + -4 + (14 + -9 - 5) + 20
12
Calculate -9 - -36 - (-23 + 24 + -7).
33
What is 939 + -970 - (-19 - -1)?
-13
What is -8 - (-101 - -108 - (-2 + (0 - -42)))?
25
14 - (-1 + (11 - (11 - 10)))
5
What is 4 - (-40 + 38) - (1 + 6) - 4?
-5
-26 + (11 + -30 - -34)
-11
Calculate (15 + -7 - -7) + -9 + -19.
-13
Calculate (42 - 43) + (-8 - -24 - 8).
7
What is the value of (8 - 0) + -2 - (3 + (-12 - -19))?
-4
Evaluate (1 - 16) + (5 - -2 - -7 - 7).
-8
-178 + 154 + 12 + 7
-5
3 + 12 + (6 - 14)
7
What is (-14 - (12 - 9)) + (1 - 1) + 7?
-10
-1 - (2 + 11 + (-5 - -3))
-12
What is 6 + 9 - (5 + -9 + 6 + 0)?
13
What is the value of -18 - 12 - -10 - -29?
9
-6 - (5 + -6 + -6)
1
Evaluate (-13 - (9 + -12 - -12)) + (-5 - -7).
-20
What is the value of 341 + -341 + -2 + (0 - 2)?
-4
What is the value of 21 + -18 + (1 - -4 - -7)?
15
(-6 - (3 + 0)) + 6
-3
(-3 - -20) + -34 + -1 + 7
-11
What is -16 - ((13 - 8 - -5) + -20)?
-6
What is (5 - (6 - 6 - -6)) + (12 - 6)?
5
Evaluate 0 + (7 - 0) - (45 - 52).
14
Calculate 13 - (3 + 12 + -6).
4
Calculate -3 - 0 - (5 - (-1 - -1 - 0)).
-8
(-3 - -3 - 14) + 12 + (-16 - -8)
-10
Calculate 5 - ((8 - 21) + 8 + 21).
-11
What is the value of -32 - (-24 + 3 + 2)?
-13
What is the value of 10 + 0 - ((-38 - -105) + -46)?
-11
What is (0 - 9) + (-5 + 3 - 3) + -12?
-26
-8 - (-1 + (-3 - -7) + 4)
-15
Evaluate (-3 - (-3 - (7 + -7))) + -16.
-16
What is (-1980 - -1979) + -1 + (1 - 3) + -11?
-15
What is -2 + 17 + -5 - 7?
3
What is the value of 0 + -17 - (-32 - -25)?
-10
What is (-7 - 4) + -32 - -27?
-16
What is the value of -4 + -16 - 9 - -19?
-10
30 + 2 + -1 + -2 + -4 - 8
17
Evaluate 20 + 0 - (-474 + 487).
7
-31 + 52 + -45 + 12 + -4
-16
6 + 1 - (247 + -215) - (3 + -14)
-14
Calculate 13 - (12 + -2) - (6 + -5).
2
Evaluate -40 - -2 - (66 - 33 - 43).
-28
Evaluate (-9 - -24) + -6 - 8 - (5 + -2).
-2
What is the value of 4 - ((11 - 19) + 13 + 7) - 3?
-11
Evaluate 13 + (17 - 31) + (0 - 21 - 3).
-25
What is 35 + 0 + -12 + -24?
-1
Calculate -44 + 19 + 3 + 12.
-10
Calculate (1 - -27) + -3 + (-10 - (-13 - -1)).
27
What is (-10 - ((-9 + 3 - -5) + -2)) + -1?
-8
Calculate 4 + (-30 - -5 - (-4 - 6)).
-11
What is the value of 3 - ((-53 - -47) + 2 + -11)?
18
Evaluate 6 - ((-8 - 0) + (-44 - -39)).
19
Calculate -7 + (-1 - 5 - (-16 + 16) - -12).
-1
Calculate (19 - (27 + -3)) + -3 + 0 + 2.
-6
Evaluate 1 + (10 - (8 + -5)) + -10 + 7.
5
(-56 + 84 - 40) + (1 - 10)
-21
(-15 + 1 - -1) + (-20 - (-8 - 5))
-20
Calculate (-15 - -6) + -14 - -8.
-15
What is the value of -9 + 16 + 0 - (-18 + 9)?
16
16 + -23 + 10 + -5 - -9
7
Evaluate -12 + 20 - 12 - (6 + 3).
-13
Calculate (21 + 24 - 27) + -27.
-9
Evaluate 2 + 13 + 1 + -5 + -6.
5
What is the value of 14 - (11 + (26 - 38))?
15
What is (7 - (9 + (-13 - (3 - 5)))) + -23?
-14
What is -22 + (4 + -21 - -28)?
-11
What is the value of (-4 - -11) + -10 + (5 - 1) - 15?
-14
Calculate 1 + 2 + -5 + (-7 - -4 - -18).
13
What is the value of -4 + -2 - ((-20 - 0) + (-9 - -7))?
16
What is 8 + 2 + 0 + -10 + 7?
7
What is the value of -25 - (39 + -53) - -48?
37
Evaluate 1 + 0 - (-12 + 14 + -4) - -6.
9
What is the value of 0 + 4 + (-31 - -12)?
-15
What is -14 - (-6 + -9 + 8 + 7)?
-14
What is the value of 144 - 156 - (1 - 